CRAN Package Check Results for Package WaveSampling

Last updated on 2022-07-01 06:51:43 CEST.

Flavor Version Tinstall Tcheck Ttotal Status Flags
r-devel-linux-x86_64-debian-clang 0.1.3 132.20 64.64 196.84 OK
r-devel-linux-x86_64-debian-gcc 0.1.3 103.13 50.37 153.50 OK
r-devel-linux-x86_64-fedora-clang 0.1.3 322.47 OK
r-devel-linux-x86_64-fedora-gcc 0.1.3 278.26 OK
r-devel-windows-x86_64 0.1.3 113.00 119.00 232.00 OK
r-patched-linux-x86_64 0.1.3 111.64 63.93 175.57 OK
r-release-linux-x86_64 0.1.3 117.53 64.05 181.58 OK
r-release-macos-arm64 0.1.3 69.00 NOTE
r-release-macos-x86_64 0.1.3 97.00 NOTE
r-release-windows-x86_64 0.1.3 107.00 118.00 225.00 OK
r-oldrel-macos-arm64 0.1.3 75.00 NOTE
r-oldrel-macos-x86_64 0.1.3 85.00 NOTE
r-oldrel-windows-ix86+x86_64 0.1.3 341.00 120.00 461.00 OK

Check Details

Version: 0.1.3
Check: installed package size
Result: NOTE
     installed size is 5.1Mb
     sub-directories of 1Mb or more:
     libs 5.0Mb
Flavors: r-release-macos-arm64, r-release-macos-x86_64, r-oldrel-macos-arm64, r-oldrel-macos-x86_64