Last updated on 2022-05-18 06:50:57 CEST.
Flavor | Version | Tinstall | Tcheck | Ttotal | Status | Flags |
---|---|---|---|---|---|---|
r-devel-linux-x86_64-debian-clang | 0.1.0 | 62.37 | 108.84 | 171.21 | OK | |
r-devel-linux-x86_64-debian-gcc | 0.1.0 | 45.35 | 80.40 | 125.75 | OK | |
r-devel-linux-x86_64-fedora-clang | 0.1.0 | 218.33 | NOTE | |||
r-devel-linux-x86_64-fedora-gcc | 0.1.0 | 202.23 | NOTE | |||
r-devel-windows-x86_64 | 0.1.0 | 56.00 | 151.00 | 207.00 | OK | |
r-patched-linux-x86_64 | 0.1.0 | 46.80 | 104.58 | 151.38 | OK | |
r-release-linux-x86_64 | 0.1.0 | 43.90 | 101.23 | 145.13 | OK | |
r-release-macos-arm64 | 0.1.0 | 62.00 | NOTE | |||
r-release-macos-x86_64 | 0.1.0 | 97.00 | NOTE | |||
r-release-windows-x86_64 | 0.1.0 | 52.00 | 149.00 | 201.00 | OK | |
r-oldrel-macos-arm64 | 0.1.0 | 75.00 | NOTE | |||
r-oldrel-macos-x86_64 | 0.1.0 | 105.00 | NOTE | |||
r-oldrel-windows-ix86+x86_64 | 0.1.0 | 146.00 | 172.00 | 318.00 | OK |
Version: 0.1.0
Check: dependencies in R code
Result: NOTE
Namespaces in Imports field not imported from:
‘fdadensity’ ‘locfit’ ‘locpol’ ‘modeest’
All declared Imports should be used.
Flavors: r-devel-linux-x86_64-fedora-clang, r-devel-linux-x86_64-fedora-gcc, r-release-macos-arm64, r-release-macos-x86_64, r-oldrel-macos-arm64, r-oldrel-macos-x86_64