CRAN Package Check Results for Package WGCNA

Last updated on 2022-06-30 06:49:40 CEST.

Flavor Version Tinstall Tcheck Ttotal Status Flags
r-devel-linux-x86_64-debian-clang 1.71 77.94 446.47 524.41 NOTE
r-devel-linux-x86_64-debian-gcc 1.71 64.98 329.42 394.40 NOTE
r-devel-linux-x86_64-fedora-clang 1.71 634.43 NOTE
r-devel-linux-x86_64-fedora-gcc 1.71 621.75 NOTE
r-devel-windows-x86_64 1.71 164.00 487.00 651.00 NOTE
r-patched-linux-x86_64 1.71 63.41 413.99 477.40 OK
r-release-linux-x86_64 1.71 55.32 411.03 466.35 OK
r-release-macos-arm64 1.71 165.00 NOTE
r-release-macos-x86_64 1.71 205.00 OK
r-release-windows-x86_64 1.71 165.00 495.00 660.00 OK
r-oldrel-macos-arm64 1.71 159.00 NOTE
r-oldrel-macos-x86_64 1.71 205.00 OK
r-oldrel-windows-ix86+x86_64 1.71 150.00 618.00 768.00 NOTE

Check Details

Version: 1.71
Check: Rd files
Result: NOTE
    checkRd: (-1) rgcolors.func.Rd:27: Escaped LaTeX specials: \#
Flavors: r-devel-linux-x86_64-debian-clang, r-devel-linux-x86_64-debian-gcc, r-devel-linux-x86_64-fedora-clang, r-devel-linux-x86_64-fedora-gcc, r-devel-windows-x86_64

Version: 1.71
Check: installed package size
Result: NOTE
     installed size is 5.2Mb
     sub-directories of 1Mb or more:
     R 2.1Mb
     libs 1.5Mb
Flavors: r-release-macos-arm64, r-oldrel-macos-arm64, r-oldrel-windows-ix86+x86_64