Last updated on 2022-05-17 07:53:19 CEST.
Flavor | Version | Tinstall | Tcheck | Ttotal | Status | Flags |
---|---|---|---|---|---|---|
r-devel-linux-x86_64-debian-clang | 2.1.3.1 | 323.97 | 185.76 | 509.73 | OK | |
r-devel-linux-x86_64-debian-gcc | 2.1.3.1 | 256.09 | 124.76 | 380.85 | OK | |
r-devel-linux-x86_64-fedora-clang | 2.1.3.1 | 735.23 | NOTE | |||
r-devel-linux-x86_64-fedora-gcc | 2.1.3.1 | 633.61 | OK | |||
r-devel-windows-x86_64 | 2.1.3.1 | 286.00 | 237.00 | 523.00 | OK | |
r-patched-linux-x86_64 | 2.1.3.1 | 276.68 | 158.46 | 435.14 | OK | |
r-release-linux-x86_64 | 2.1.3.1 | 278.94 | 161.79 | 440.73 | OK | |
r-release-macos-arm64 | 2.1.3.1 | 148.00 | NOTE | |||
r-release-macos-x86_64 | 2.1.3.1 | 266.00 | NOTE | |||
r-release-windows-x86_64 | 2.1.3.1 | 285.00 | 232.00 | 517.00 | OK | |
r-oldrel-macos-arm64 | 2.1.3.1 | 192.00 | NOTE | |||
r-oldrel-macos-x86_64 | 2.1.3.1 | 281.00 | NOTE | |||
r-oldrel-windows-ix86+x86_64 | 2.1.3.1 | 791.00 | 283.00 | 1074.00 | OK |
Version: 2.1.3.1
Check: installed package size
Result: NOTE
installed size is 7.8Mb
sub-directories of 1Mb or more:
libs 7.0Mb
Flavors: r-devel-linux-x86_64-fedora-clang, r-release-macos-arm64, r-release-macos-x86_64, r-oldrel-macos-arm64, r-oldrel-macos-x86_64