CRAN Package Check Results for Package VTShiny

Last updated on 2022-07-04 06:51:40 CEST.

Flavor Version Tinstall Tcheck Ttotal Status Flags
r-devel-linux-x86_64-debian-clang 0.1.0 1.66 20.72 22.38 NOTE
r-devel-linux-x86_64-debian-gcc 0.1.0 1.62 16.35 17.97 NOTE
r-devel-linux-x86_64-fedora-clang 0.1.0 39.19 NOTE
r-devel-linux-x86_64-fedora-gcc 0.1.0 37.65 NOTE
r-devel-windows-x86_64 0.1.0 12.00 45.00 57.00 NOTE
r-patched-linux-x86_64 0.1.0 2.01 20.20 22.21 NOTE
r-release-linux-x86_64 0.1.0 1.90 20.49 22.39 NOTE
r-release-macos-arm64 0.1.0 16.00 NOTE
r-release-macos-x86_64 0.1.0 23.00 NOTE
r-release-windows-x86_64 0.1.0 5.00 45.00 50.00 NOTE
r-oldrel-macos-arm64 0.1.0 18.00 NOTE
r-oldrel-macos-x86_64 0.1.0 20.00 NOTE
r-oldrel-windows-ix86+x86_64 0.1.0 7.00 39.00 46.00 NOTE

Check Details

Version: 0.1.0
Check: LazyData
Result: NOTE
     'LazyData' is specified without a 'data' directory
Flavors: r-devel-linux-x86_64-debian-clang, r-devel-linux-x86_64-debian-gcc, r-devel-linux-x86_64-fedora-clang, r-devel-linux-x86_64-fedora-gcc, r-devel-windows-x86_64, r-patched-linux-x86_64, r-release-linux-x86_64, r-release-macos-arm64, r-release-macos-x86_64, r-release-windows-x86_64, r-oldrel-macos-arm64, r-oldrel-macos-x86_64, r-oldrel-windows-ix86+x86_64

Version: 0.1.0
Check: dependencies in R code
Result: NOTE
    Namespaces in Imports field not imported from:
     ‘EnvStats’ ‘shiny’ ‘stats’
     All declared Imports should be used.
Flavors: r-devel-linux-x86_64-fedora-clang, r-devel-linux-x86_64-fedora-gcc, r-release-macos-arm64, r-release-macos-x86_64, r-oldrel-macos-arm64, r-oldrel-macos-x86_64