CRAN Package Check Results for Package UsingR

Last updated on 2022-07-03 07:52:08 CEST.

Flavor Version Tinstall Tcheck Ttotal Status Flags
r-devel-linux-x86_64-debian-clang 2.0-7 15.45 129.97 145.42 NOTE
r-devel-linux-x86_64-debian-gcc 2.0-7 12.88 97.34 110.22 NOTE
r-devel-linux-x86_64-fedora-clang 2.0-7 178.18 NOTE
r-devel-linux-x86_64-fedora-gcc 2.0-7 177.36 NOTE
r-devel-windows-x86_64 2.0-7 108.00 189.00 297.00 NOTE
r-patched-linux-x86_64 2.0-7 14.21 119.35 133.56 OK
r-release-linux-x86_64 2.0-7 14.25 117.83 132.08 OK
r-release-macos-arm64 2.0-7 49.00 OK
r-release-macos-x86_64 2.0-7 84.00 OK
r-release-windows-x86_64 2.0-7 73.00 196.00 269.00 OK
r-oldrel-macos-arm64 2.0-7 50.00 OK
r-oldrel-macos-x86_64 2.0-7 70.00 OK
r-oldrel-windows-ix86+x86_64 2.0-7 36.00 181.00 217.00 OK

Check Details

Version: 2.0-7
Check: Rd files
Result: NOTE
    checkRd: (-1) aosat.Rd:20: Escaped LaTeX specials: \_ \_ \_
    checkRd: (-1) aosat.Rd:21: Escaped LaTeX specials: \_
    checkRd: (-1) arctic.oscillations.Rd:19: Escaped LaTeX specials: \_ \_ \_
    checkRd: (-1) arctic.oscillations.Rd:20: Escaped LaTeX specials: \_
    checkRd: (-1) babies.Rd:28: Escaped LaTeX specials: \&
    checkRd: (-1) babies.Rd:41: Escaped LaTeX specials: \$
    checkRd: (-1) cabinet.Rd:25: Escaped LaTeX specials: \$
    checkRd: (-1) cabinet.Rd:43: Escaped LaTeX specials: \$
    checkRd: (-1) cabinet.Rd:48: Escaped LaTeX specials: \$
    checkRd: (-1) exec.pay.Rd:5: Escaped LaTeX specials: \$
    checkRd: (-1) sp500.excess.Rd:4: Escaped LaTeX specials: \&
    checkRd: (-1) sp500.excess.Rd:6: Escaped LaTeX specials: \&
Flavors: r-devel-linux-x86_64-debian-clang, r-devel-linux-x86_64-debian-gcc, r-devel-linux-x86_64-fedora-clang, r-devel-linux-x86_64-fedora-gcc, r-devel-windows-x86_64