CRAN Package Check Results for Package UScancer

Last updated on 2022-05-25 07:50:34 CEST.

Flavor Version Tinstall Tcheck Ttotal Status Flags
r-devel-linux-x86_64-debian-clang 0.1-2 4.00 52.69 56.69 NOTE
r-devel-linux-x86_64-debian-gcc 0.1-2 2.89 41.25 44.14 NOTE
r-devel-linux-x86_64-fedora-clang 0.1-2 68.23 NOTE
r-devel-linux-x86_64-fedora-gcc 0.1-2 67.51 NOTE
r-devel-windows-x86_64 0.1-2 15.00 60.00 75.00 NOTE
r-patched-linux-x86_64 0.1-2 3.68 51.17 54.85 NOTE
r-release-linux-x86_64 0.1-2 NOTE
r-release-macos-arm64 0.1-2 23.00 NOTE
r-release-macos-x86_64 0.1-2 35.00 NOTE
r-release-windows-x86_64 0.1-2 15.00 62.00 77.00 NOTE
r-oldrel-macos-arm64 0.1-2 24.00 NOTE
r-oldrel-macos-x86_64 0.1-2 38.00 NOTE
r-oldrel-windows-ix86+x86_64 0.1-2 10.00 60.00 70.00 NOTE

Check Details

Version: 0.1-2
Check: package dependencies
Result: NOTE
    Package suggested but not available for checking: 'diseasemapping'
Flavors: r-devel-linux-x86_64-debian-clang, r-devel-linux-x86_64-debian-gcc, r-devel-linux-x86_64-fedora-clang, r-devel-linux-x86_64-fedora-gcc, r-patched-linux-x86_64, r-release-linux-x86_64, r-release-macos-x86_64

Version: 0.1-2
Check: R code for possible problems
Result: NOTE
    readSEER: no visible global function definition for 'read.fwf'
    Undefined global functions or variables:
     read.fwf
    Consider adding
     importFrom("utils", "read.fwf")
    to your NAMESPACE file.
Flavors: r-devel-linux-x86_64-debian-clang, r-devel-linux-x86_64-debian-gcc, r-devel-linux-x86_64-fedora-clang, r-devel-linux-x86_64-fedora-gcc, r-devel-windows-x86_64, r-patched-linux-x86_64, r-release-linux-x86_64, r-release-macos-arm64, r-release-macos-x86_64, r-release-windows-x86_64, r-oldrel-macos-arm64, r-oldrel-macos-x86_64, r-oldrel-windows-ix86+x86_64

Version: 0.1-2
Check: Rd cross-references
Result: NOTE
    Unknown package 'diseasemapping' in Rd xrefs
Flavors: r-devel-linux-x86_64-debian-clang, r-devel-linux-x86_64-debian-gcc, r-devel-linux-x86_64-fedora-gcc, r-patched-linux-x86_64, r-release-linux-x86_64, r-release-macos-x86_64

Version: 0.1-2
Check: Rd cross-references
Result: NOTE
    Undeclared package ‘sp’ in Rd xrefs
    Unknown package ‘diseasemapping’ in Rd xrefs
Flavor: r-devel-linux-x86_64-fedora-clang