Last updated on 2022-08-08 07:51:14 CEST.
Flavor | Version | Tinstall | Tcheck | Ttotal | Status | Flags |
---|---|---|---|---|---|---|
r-devel-linux-x86_64-debian-clang | 2.0.8 | 3.06 | 37.18 | 40.24 | NOTE | |
r-devel-linux-x86_64-debian-gcc | 2.0.8 | 2.39 | 28.34 | 30.73 | NOTE | |
r-devel-linux-x86_64-fedora-clang | 2.0.8 | 58.24 | NOTE | |||
r-devel-linux-x86_64-fedora-gcc | 2.0.8 | 57.78 | NOTE | |||
r-devel-windows-x86_64 | 2.0.8 | 20.00 | 71.00 | 91.00 | NOTE | |
r-patched-linux-x86_64 | 2.0.8 | 3.39 | 35.31 | 38.70 | OK | |
r-release-linux-x86_64 | 2.0.8 | OK | ||||
r-release-macos-arm64 | 2.0.8 | 16.00 | OK | |||
r-release-macos-x86_64 | 2.0.8 | 28.00 | OK | |||
r-release-windows-x86_64 | 2.0.8 | 23.00 | 142.00 | 165.00 | OK | |
r-oldrel-macos-arm64 | 2.0.8 | 18.00 | OK | |||
r-oldrel-macos-x86_64 | 2.0.8 | 31.00 | OK | |||
r-oldrel-windows-ix86+x86_64 | 2.0.8 | 7.00 | 63.00 | 70.00 | OK |
Version: 2.0.8
Check: Rd files
Result: NOTE
checkRd: (-1) unf.Rd:180: Escaped LaTeX specials: \&
checkRd: (-1) unf.Rd:182: Escaped LaTeX specials: \&
Flavors: r-devel-linux-x86_64-debian-clang, r-devel-linux-x86_64-debian-gcc, r-devel-linux-x86_64-fedora-clang, r-devel-linux-x86_64-fedora-gcc, r-devel-windows-x86_64