CRAN Package Check Results for Package ThermalSampleR

Last updated on 2022-08-15 06:49:21 CEST.

Flavor Version Tinstall Tcheck Ttotal Status Flags
r-devel-linux-x86_64-debian-clang 0.1.0 7.85 65.86 73.71 OK
r-devel-linux-x86_64-debian-gcc 0.1.0 5.73 49.69 55.42 OK
r-devel-linux-x86_64-fedora-clang 0.1.0 99.36 NOTE
r-devel-linux-x86_64-fedora-gcc 0.1.0 97.81 NOTE
r-devel-windows-x86_64 0.1.0 26.00 89.00 115.00 OK
r-patched-linux-x86_64 0.1.0 4.77 61.12 65.89 OK
r-release-linux-x86_64 0.1.0 4.87 61.11 65.98 OK
r-release-macos-arm64 0.1.0 28.00 NOTE
r-release-macos-x86_64 0.1.0 51.00 NOTE
r-release-windows-x86_64 0.1.0 22.00 93.00 115.00 OK
r-oldrel-macos-arm64 0.1.0 26.00 NOTE
r-oldrel-macos-x86_64 0.1.0 39.00 NOTE
r-oldrel-windows-ix86+x86_64 0.1.0 20.00 82.00 102.00 OK

Check Details

Version: 0.1.0
Check: dependencies in R code
Result: NOTE
    Namespaces in Imports field not imported from:
     ‘MASS’ ‘base’ ‘graphics’ ‘janitor’ ‘rlang’ ‘utils’
     All declared Imports should be used.
Flavors: r-devel-linux-x86_64-fedora-clang, r-devel-linux-x86_64-fedora-gcc, r-release-macos-arm64, r-release-macos-x86_64, r-oldrel-macos-arm64, r-oldrel-macos-x86_64