CRAN Package Check Results for Package TestingSimilarity

Last updated on 2022-08-12 06:49:34 CEST.

Flavor Version Tinstall Tcheck Ttotal Status Flags
r-devel-linux-x86_64-debian-clang 1.1 2.87 31.90 34.77 NOTE
r-devel-linux-x86_64-debian-gcc 1.1 2.12 24.85 26.97 NOTE
r-devel-linux-x86_64-fedora-clang 1.1 50.61 NOTE
r-devel-linux-x86_64-fedora-gcc 1.1 50.18 NOTE
r-devel-windows-x86_64 1.1 44.00 56.00 100.00 NOTE
r-patched-linux-x86_64 1.1 2.39 29.84 32.23 NOTE
r-release-linux-x86_64 1.1 1.85 30.61 32.46 NOTE
r-release-macos-arm64 1.1 16.00 NOTE
r-release-macos-x86_64 1.1 24.00 NOTE
r-release-windows-x86_64 1.1 13.00 55.00 68.00 NOTE
r-oldrel-macos-arm64 1.1 22.00 NOTE
r-oldrel-macos-x86_64 1.1 30.00 NOTE
r-oldrel-windows-ix86+x86_64 1.1 6.00 52.00 58.00 NOTE

Check Details

Version: 1.1
Check: LazyData
Result: NOTE
     'LazyData' is specified without a 'data' directory
Flavors: r-devel-linux-x86_64-debian-clang, r-devel-linux-x86_64-debian-gcc, r-devel-linux-x86_64-fedora-clang, r-devel-linux-x86_64-fedora-gcc, r-devel-windows-x86_64, r-patched-linux-x86_64, r-release-linux-x86_64, r-release-macos-arm64, r-release-macos-x86_64, r-release-windows-x86_64, r-oldrel-macos-arm64, r-oldrel-macos-x86_64, r-oldrel-windows-ix86+x86_64