Last updated on 2022-07-05 07:51:08 CEST.
Flavor | Version | Tinstall | Tcheck | Ttotal | Status | Flags |
---|---|---|---|---|---|---|
r-devel-linux-x86_64-debian-clang | 2.12 | 13.13 | 93.96 | 107.09 | NOTE | |
r-devel-linux-x86_64-debian-gcc | 2.12 | 10.38 | 69.40 | 79.78 | NOTE | |
r-devel-linux-x86_64-fedora-clang | 2.12 | 138.51 | NOTE | |||
r-devel-linux-x86_64-fedora-gcc | 2.12 | 137.78 | NOTE | |||
r-devel-windows-x86_64 | 2.12 | 286.00 | 125.00 | 411.00 | NOTE | |
r-patched-linux-x86_64 | 2.12 | 17.74 | 87.97 | 105.71 | NOTE | |
r-release-linux-x86_64 | 2.12 | 12.48 | 86.76 | 99.24 | NOTE | |
r-release-macos-arm64 | 2.12 | 34.00 | NOTE | |||
r-release-macos-x86_64 | 2.12 | 52.00 | NOTE | |||
r-release-windows-x86_64 | 2.12 | 239.00 | 118.00 | 357.00 | OK | |
r-oldrel-macos-arm64 | 2.12 | 44.00 | NOTE | |||
r-oldrel-macos-x86_64 | 2.12 | 81.00 | NOTE | |||
r-oldrel-windows-ix86+x86_64 | 2.12 | 23.00 | 306.00 | 329.00 | OK |
Version: 2.12
Check: package dependencies
Result: NOTE
Package suggested but not available for checking: 'R2wd'
Flavors: r-devel-linux-x86_64-debian-clang, r-devel-linux-x86_64-debian-gcc, r-devel-linux-x86_64-fedora-clang, r-devel-linux-x86_64-fedora-gcc, r-patched-linux-x86_64, r-release-linux-x86_64, r-release-macos-arm64, r-release-macos-x86_64, r-oldrel-macos-arm64, r-oldrel-macos-x86_64
Version: 2.12
Check: Rd files
Result: NOTE
checkRd: (-1) R2txt.Rd:164: Escaped LaTeX specials: \#
checkRd: (-1) bct.Rd:18: Escaped LaTeX specials: \^
checkRd: (-1) bct.Rd:19: Escaped LaTeX specials: \^
checkRd: (-1) ineq.Rd:10: Escaped LaTeX specials: \&
checkRd: (-1) put.points.demo.Rd:39: Escaped LaTeX specials: \^
checkRd: (-1) run.cor.examp.Rd:10: Escaped LaTeX specials: \^
checkRd: (-1) run.cor.examp.Rd:31: Escaped LaTeX specials: \^
Flavors: r-devel-linux-x86_64-debian-clang, r-devel-linux-x86_64-debian-gcc, r-devel-linux-x86_64-fedora-clang, r-devel-linux-x86_64-fedora-gcc, r-devel-windows-x86_64