Last updated on 2022-05-17 07:53:18 CEST.
Flavor | Version | Tinstall | Tcheck | Ttotal | Status | Flags |
---|---|---|---|---|---|---|
r-devel-linux-x86_64-debian-clang | 0.12.10 | 20.72 | 174.95 | 195.67 | OK | |
r-devel-linux-x86_64-debian-gcc | 0.12.10 | 14.02 | 129.58 | 143.60 | OK | |
r-devel-linux-x86_64-fedora-clang | 0.12.10 | 251.32 | NOTE | |||
r-devel-linux-x86_64-fedora-gcc | 0.12.10 | 250.36 | NOTE | |||
r-devel-windows-x86_64 | 0.12.10 | 28.00 | 194.00 | 222.00 | OK | |
r-patched-linux-x86_64 | 0.12.10 | 24.27 | 159.70 | 183.97 | OK | |
r-release-linux-x86_64 | 0.12.10 | 14.49 | 162.77 | 177.26 | OK | |
r-release-macos-arm64 | 0.12.10 | 68.00 | OK | |||
r-release-macos-x86_64 | 0.12.10 | 112.00 | NOTE | |||
r-release-windows-x86_64 | 0.12.10 | 25.00 | 351.00 | 376.00 | OK | |
r-oldrel-macos-arm64 | 0.12.10 | 73.00 | NOTE | |||
r-oldrel-macos-x86_64 | 0.12.10 | 88.00 | NOTE | |||
r-oldrel-windows-ix86+x86_64 | 0.12.10 | 41.00 | 310.00 | 351.00 | OK |
Version: 0.12.10
Check: package dependencies
Result: NOTE
Package suggested but not available for checking: ‘dearseq’
Flavors: r-devel-linux-x86_64-fedora-clang, r-devel-linux-x86_64-fedora-gcc, r-release-macos-x86_64, r-oldrel-macos-arm64, r-oldrel-macos-x86_64
Version: 0.12.10
Check: Rd cross-references
Result: NOTE
Package unavailable to check Rd xrefs: ‘dearseq’
Flavors: r-devel-linux-x86_64-fedora-clang, r-devel-linux-x86_64-fedora-gcc, r-release-macos-x86_64, r-oldrel-macos-arm64, r-oldrel-macos-x86_64