CRAN Package Check Results for Package TanB

Last updated on 2022-08-12 06:49:34 CEST.

Flavor Version Tinstall Tcheck Ttotal Status Flags
r-devel-linux-x86_64-debian-clang 0.1 2.02 22.34 24.36 NOTE
r-devel-linux-x86_64-debian-gcc 0.1 1.77 17.29 19.06 NOTE
r-devel-linux-x86_64-fedora-clang 0.1 39.78 NOTE
r-devel-linux-x86_64-fedora-gcc 0.1 38.84 NOTE
r-devel-windows-x86_64 0.1 9.00 45.00 54.00 NOTE
r-patched-linux-x86_64 0.1 2.04 21.81 23.85 NOTE
r-release-linux-x86_64 0.1 2.08 21.64 23.72 NOTE
r-release-macos-arm64 0.1 14.00 NOTE
r-release-macos-x86_64 0.1 22.00 NOTE
r-release-windows-x86_64 0.1 9.00 46.00 55.00 NOTE
r-oldrel-macos-arm64 0.1 17.00 NOTE
r-oldrel-macos-x86_64 0.1 26.00 NOTE
r-oldrel-windows-ix86+x86_64 0.1 5.00 37.00 42.00 NOTE

Check Details

Version: 0.1
Check: LazyData
Result: NOTE
     'LazyData' is specified without a 'data' directory
Flavors: r-devel-linux-x86_64-debian-clang, r-devel-linux-x86_64-debian-gcc, r-devel-linux-x86_64-fedora-clang, r-devel-linux-x86_64-fedora-gcc, r-devel-windows-x86_64, r-patched-linux-x86_64, r-release-linux-x86_64, r-release-macos-arm64, r-release-macos-x86_64, r-release-windows-x86_64, r-oldrel-macos-arm64, r-oldrel-macos-x86_64, r-oldrel-windows-ix86+x86_64