CRAN Package Check Results for Package TSS.RESTREND

Last updated on 2022-06-30 06:49:38 CEST.

Flavor Version Tinstall Tcheck Ttotal Status Flags
r-devel-linux-x86_64-debian-clang 0.3.1 12.09 91.68 103.77 OK
r-devel-linux-x86_64-debian-gcc 0.3.1 8.51 68.45 76.96 OK
r-devel-linux-x86_64-fedora-clang 0.3.1 132.43 NOTE
r-devel-linux-x86_64-fedora-gcc 0.3.1 129.59 OK
r-devel-windows-x86_64 0.3.1 46.00 206.00 252.00 OK
r-patched-linux-x86_64 0.3.1 9.29 87.17 96.46 OK
r-release-linux-x86_64 0.3.1 8.35 86.65 95.00 OK
r-release-macos-arm64 0.3.1 36.00 OK
r-release-macos-x86_64 0.3.1 63.00 OK
r-release-windows-x86_64 0.3.1 75.00 163.00 238.00 OK
r-oldrel-macos-arm64 0.3.1 41.00 OK
r-oldrel-macos-x86_64 0.3.1 69.00 OK
r-oldrel-windows-ix86+x86_64 0.3.1 27.00 110.00 137.00 OK

Check Details

Version: 0.3.1
Check: Rd cross-references
Result: NOTE
    Undeclared package ‘gimms’ in Rd xrefs
Flavor: r-devel-linux-x86_64-fedora-clang