CRAN Package Check Results for Package TREXr

Last updated on 2022-05-22 07:53:27 CEST.

Flavor Version Tinstall Tcheck Ttotal Status Flags
r-devel-linux-x86_64-debian-clang 1.0.0 15.31 78.23 93.54 OK
r-devel-linux-x86_64-debian-gcc 1.0.0 11.72 57.97 69.69 OK
r-devel-linux-x86_64-fedora-clang 1.0.0 111.12 NOTE
r-devel-linux-x86_64-fedora-gcc 1.0.0 109.30 NOTE
r-devel-windows-x86_64 1.0.0 25.00 90.00 115.00 OK
r-patched-linux-x86_64 1.0.0 14.24 75.24 89.48 OK
r-release-linux-x86_64 1.0.0 13.92 75.27 89.19 OK
r-release-macos-arm64 1.0.0 29.00 NOTE
r-release-macos-x86_64 1.0.0 52.00 NOTE
r-release-windows-x86_64 1.0.0 25.00 89.00 114.00 OK
r-oldrel-macos-arm64 1.0.0 35.00 NOTE
r-oldrel-macos-x86_64 1.0.0 46.00 NOTE
r-oldrel-windows-ix86+x86_64 1.0.0 27.00 84.00 111.00 OK

Check Details

Version: 1.0.0
Check: dependencies in R code
Result: NOTE
    Namespaces in Imports field not imported from:
     ‘boot’ ‘chron’ ‘randtoolbox’
     All declared Imports should be used.
Flavors: r-devel-linux-x86_64-fedora-clang, r-devel-linux-x86_64-fedora-gcc, r-release-macos-arm64, r-release-macos-x86_64, r-oldrel-macos-arm64, r-oldrel-macos-x86_64