CRAN Package Check Results for Package TMB

Last updated on 2022-05-27 07:50:18 CEST.

Flavor Version Tinstall Tcheck Ttotal Status Flags
r-devel-linux-x86_64-debian-clang 1.8.1 75.33 95.71 171.04 OK
r-devel-linux-x86_64-debian-gcc 1.8.1 64.65 71.72 136.37 OK
r-devel-linux-x86_64-fedora-clang 1.8.1 226.60 NOTE
r-devel-linux-x86_64-fedora-gcc 1.8.1 213.49 OK
r-devel-windows-x86_64 1.8.1 138.00 118.00 256.00 NOTE
r-patched-linux-x86_64 1.8.1 67.22 90.62 157.84 OK
r-release-linux-x86_64 1.8.1 75.58 90.85 166.43 OK
r-release-macos-arm64 1.8.1 61.00 NOTE
r-release-macos-x86_64 1.8.1 77.00 NOTE
r-release-windows-x86_64 1.8.1 165.00 120.00 285.00 NOTE
r-oldrel-macos-arm64 1.8.1 57.00 NOTE
r-oldrel-macos-x86_64 1.8.1 77.00 NOTE
r-oldrel-windows-ix86+x86_64 1.8.1 158.00 127.00 285.00 NOTE

Check Details

Version: 1.8.1
Check: installed package size
Result: NOTE
     installed size is 15.2Mb
     sub-directories of 1Mb or more:
     examples 11.1Mb
     include 3.6Mb
Flavors: r-devel-linux-x86_64-fedora-clang, r-devel-windows-x86_64, r-release-macos-arm64, r-release-macos-x86_64, r-release-windows-x86_64, r-oldrel-macos-arm64, r-oldrel-macos-x86_64, r-oldrel-windows-ix86+x86_64