Last updated on 2022-07-06 06:53:03 CEST.
Flavor | Version | Tinstall | Tcheck | Ttotal | Status | Flags |
---|---|---|---|---|---|---|
r-devel-linux-x86_64-debian-clang | 1.1-1 | 7.10 | 104.38 | 111.48 | OK | |
r-devel-linux-x86_64-debian-gcc | 1.1-1 | 5.43 | 79.19 | 84.62 | OK | |
r-devel-linux-x86_64-fedora-clang | 1.1-1 | 147.23 | NOTE | |||
r-devel-linux-x86_64-fedora-gcc | 1.1-1 | 141.56 | OK | |||
r-devel-windows-x86_64 | 1.1-1 | 29.00 | 502.00 | 531.00 | NOTE | |
r-patched-linux-x86_64 | 1.1-1 | 6.78 | 97.04 | 103.82 | OK | |
r-release-linux-x86_64 | 1.1-1 | 6.33 | 100.07 | 106.40 | OK | |
r-release-macos-arm64 | 1.1-1 | 46.00 | NOTE | |||
r-release-macos-x86_64 | 1.1-1 | 76.00 | NOTE | |||
r-release-windows-x86_64 | 1.1-1 | 39.00 | 508.00 | 547.00 | NOTE | |
r-oldrel-macos-arm64 | 1.1-1 | 62.00 | NOTE | |||
r-oldrel-macos-x86_64 | 1.1-1 | 78.00 | NOTE | |||
r-oldrel-windows-ix86+x86_64 | 1.1-1 | 15.00 | 561.00 | 576.00 | NOTE |
Version: 1.1-1
Check: installed package size
Result: NOTE
installed size is 9.0Mb
sub-directories of 1Mb or more:
data 1.2Mb
rda 7.1Mb
Flavors: r-devel-linux-x86_64-fedora-clang, r-devel-windows-x86_64, r-release-macos-arm64, r-release-macos-x86_64, r-release-windows-x86_64, r-oldrel-macos-arm64, r-oldrel-macos-x86_64, r-oldrel-windows-ix86+x86_64