CRAN Package Check Results for Package TEAM

Last updated on 2022-07-04 06:51:38 CEST.

Flavor Version Tinstall Tcheck Ttotal Status Flags
r-devel-linux-x86_64-debian-clang 0.1.0 11.18 101.40 112.58 NOTE
r-devel-linux-x86_64-debian-gcc 0.1.0 8.15 75.99 84.14 NOTE
r-devel-linux-x86_64-fedora-clang 0.1.0 142.03 NOTE
r-devel-linux-x86_64-fedora-gcc 0.1.0 138.78 NOTE
r-devel-windows-x86_64 0.1.0 18.00 117.00 135.00 NOTE
r-patched-linux-x86_64 0.1.0 12.12 96.62 108.74 NOTE
r-release-linux-x86_64 0.1.0 10.08 96.72 106.80 NOTE
r-release-macos-arm64 0.1.0 40.00 NOTE
r-release-macos-x86_64 0.1.0 79.00 NOTE
r-release-windows-x86_64 0.1.0 15.00 115.00 130.00 NOTE
r-oldrel-macos-arm64 0.1.0 45.00 NOTE
r-oldrel-macos-x86_64 0.1.0 78.00 NOTE
r-oldrel-windows-ix86+x86_64 0.1.0 26.00 131.00 157.00 NOTE

Check Details

Version: 0.1.0
Check: LazyData
Result: NOTE
     'LazyData' is specified without a 'data' directory
Flavors: r-devel-linux-x86_64-debian-clang, r-devel-linux-x86_64-debian-gcc, r-devel-linux-x86_64-fedora-clang, r-devel-linux-x86_64-fedora-gcc, r-devel-windows-x86_64, r-patched-linux-x86_64, r-release-linux-x86_64, r-release-macos-arm64, r-release-macos-x86_64, r-release-windows-x86_64, r-oldrel-macos-arm64, r-oldrel-macos-x86_64, r-oldrel-windows-ix86+x86_64