CRAN Package Check Results for Package SynchWave

Last updated on 2022-08-09 06:51:27 CEST.

Flavor Version Tinstall Tcheck Ttotal Status Flags
r-devel-linux-x86_64-debian-clang 1.1.2 10.01 97.39 107.40 OK
r-devel-linux-x86_64-debian-gcc 1.1.2 6.26 73.19 79.45 OK
r-devel-linux-x86_64-fedora-clang 1.1.2 139.75 NOTE
r-devel-linux-x86_64-fedora-gcc 1.1.2 132.94 NOTE
r-devel-windows-x86_64 1.1.2 26.00 129.00 155.00 OK
r-patched-linux-x86_64 1.1.2 7.98 92.31 100.29 OK
r-release-linux-x86_64 1.1.2 OK
r-release-macos-arm64 1.1.2 37.00 OK
r-release-macos-x86_64 1.1.2 56.00 OK
r-release-windows-x86_64 1.1.2 21.00 124.00 145.00 OK
r-oldrel-macos-arm64 1.1.2 35.00 OK
r-oldrel-macos-x86_64 1.1.2 58.00 OK
r-oldrel-windows-ix86+x86_64 1.1.2 29.00 179.00 208.00 OK

Check Details

Version: 1.1.2
Check: compiled code
Result: NOTE
    File ‘SynchWave/libs/SynchWave.so’:
     Found no calls to: ‘R_registerRoutines’, ‘R_useDynamicSymbols’
    
    It is good practice to register native routines and to disable symbol
    search.
    
    See ‘Writing portable packages’ in the ‘Writing R Extensions’ manual.
Flavors: r-devel-linux-x86_64-fedora-clang, r-devel-linux-x86_64-fedora-gcc