CRAN Package Check Results for Package StratifiedRF

Last updated on 2022-05-26 06:55:53 CEST.

Flavor Version Tinstall Tcheck Ttotal Status Flags
r-devel-linux-x86_64-debian-clang 0.2.2 12.42 104.22 116.64 NOTE
r-devel-linux-x86_64-debian-gcc 0.2.2 10.08 88.61 98.69 NOTE
r-devel-linux-x86_64-fedora-clang 0.2.2 140.13 NOTE
r-devel-linux-x86_64-fedora-gcc 0.2.2 133.59 NOTE
r-devel-windows-x86_64 0.2.2 23.00 113.00 136.00 NOTE
r-patched-linux-x86_64 0.2.2 11.61 97.64 109.25 NOTE
r-release-linux-x86_64 0.2.2 NOTE
r-release-macos-arm64 0.2.2 36.00 NOTE
r-release-macos-x86_64 0.2.2 73.00 NOTE
r-release-windows-x86_64 0.2.2 21.00 119.00 140.00 NOTE
r-oldrel-macos-arm64 0.2.2 44.00 NOTE
r-oldrel-macos-x86_64 0.2.2 76.00 NOTE
r-oldrel-windows-ix86+x86_64 0.2.2 28.00 125.00 153.00 NOTE

Check Details

Version: 0.2.2
Check: LazyData
Result: NOTE
     'LazyData' is specified without a 'data' directory
Flavors: r-devel-linux-x86_64-debian-clang, r-devel-linux-x86_64-debian-gcc, r-devel-linux-x86_64-fedora-clang, r-devel-linux-x86_64-fedora-gcc, r-devel-windows-x86_64, r-patched-linux-x86_64, r-release-linux-x86_64, r-release-macos-arm64, r-release-macos-x86_64, r-release-windows-x86_64, r-oldrel-macos-arm64, r-oldrel-macos-x86_64, r-oldrel-windows-ix86+x86_64