CRAN Package Check Results for Package StratifiedMedicine

Last updated on 2022-01-20 06:49:34 CET.

Flavor Version Tinstall Tcheck Ttotal Status Flags
r-devel-linux-x86_64-debian-clang 1.0.4 OK
r-devel-linux-x86_64-debian-gcc 1.0.4 12.90 290.68 303.58 OK
r-devel-linux-x86_64-fedora-clang 1.0.4 432.02 NOTE
r-devel-linux-x86_64-fedora-gcc 1.0.4 421.79 OK
r-devel-windows-x86_64-new-UL 1.0.4 294.00 404.00 698.00 NOTE
r-devel-windows-x86_64-new-TK 1.0.4 OK
r-patched-linux-x86_64 1.0.4 16.12 347.96 364.08 OK
r-release-linux-x86_64 1.0.4 OK
r-release-macos-arm64 1.0.4 NOTE
r-release-macos-x86_64 1.0.4 NOTE
r-release-windows-ix86+x86_64 1.0.4 31.00 214.00 245.00 NOTE
r-oldrel-macos-x86_64 1.0.4 NOTE
r-oldrel-windows-ix86+x86_64 1.0.4 31.00 225.00 256.00 NOTE

Check Details

Version: 1.0.4
Check: installed package size
Result: NOTE
     installed size is 5.6Mb
     sub-directories of 1Mb or more:
     doc 4.9Mb
Flavors: r-devel-linux-x86_64-fedora-clang, r-devel-windows-x86_64-new-UL, r-release-macos-arm64, r-release-macos-x86_64, r-release-windows-ix86+x86_64, r-oldrel-macos-x86_64, r-oldrel-windows-ix86+x86_64