CRAN Package Check Results for Package SteppedPower

Last updated on 2022-07-01 06:51:41 CEST.

Flavor Version Tinstall Tcheck Ttotal Status Flags
r-devel-linux-x86_64-debian-clang 0.3.1 13.93 149.18 163.11 OK
r-devel-linux-x86_64-debian-gcc 0.3.1 11.54 111.96 123.50 OK
r-devel-linux-x86_64-fedora-clang 0.3.1 204.23 NOTE
r-devel-linux-x86_64-fedora-gcc 0.3.1 205.09 OK
r-devel-windows-x86_64 0.3.1 46.00 187.00 233.00 NOTE
r-patched-linux-x86_64 0.3.1 11.63 142.67 154.30 OK
r-release-linux-x86_64 0.3.1 12.31 140.16 152.47 OK
r-release-macos-arm64 0.3.1 57.00 NOTE
r-release-macos-x86_64 0.3.1 99.00 NOTE
r-release-windows-x86_64 0.3.1 29.00 183.00 212.00 NOTE
r-oldrel-macos-arm64 0.3.1 55.00 NOTE
r-oldrel-macos-x86_64 0.3.1 79.00 NOTE
r-oldrel-windows-ix86+x86_64 0.3.1 30.00 182.00 212.00 NOTE

Check Details

Version: 0.3.1
Check: installed package size
Result: NOTE
     installed size is 5.2Mb
     sub-directories of 1Mb or more:
     doc 5.0Mb
Flavors: r-devel-linux-x86_64-fedora-clang, r-devel-windows-x86_64, r-release-macos-arm64, r-release-macos-x86_64, r-release-windows-x86_64, r-oldrel-macos-arm64, r-oldrel-macos-x86_64, r-oldrel-windows-ix86+x86_64