Last updated on 2022-07-04 06:51:37 CEST.
Flavor | Version | Tinstall | Tcheck | Ttotal | Status | Flags |
---|---|---|---|---|---|---|
r-devel-linux-x86_64-debian-clang | 0.9 | 38.52 | 285.07 | 323.59 | NOTE | |
r-devel-linux-x86_64-debian-gcc | 0.9 | 26.89 | 207.55 | 234.44 | NOTE | |
r-devel-linux-x86_64-fedora-clang | 0.9 | 380.80 | NOTE | |||
r-devel-linux-x86_64-fedora-gcc | 0.9 | 386.62 | NOTE | |||
r-devel-windows-x86_64 | 0.9 | 70.00 | 309.00 | 379.00 | NOTE | |
r-patched-linux-x86_64 | 0.9 | 37.34 | 268.27 | 305.61 | OK | |
r-release-linux-x86_64 | 0.9 | 25.97 | 266.71 | 292.68 | OK | |
r-release-macos-arm64 | 0.9 | 103.00 | OK | |||
r-release-macos-x86_64 | 0.9 | 174.00 | OK | |||
r-release-windows-x86_64 | 0.9 | 114.00 | 307.00 | 421.00 | OK | |
r-oldrel-macos-arm64 | 0.9 | 65.00 | OK | |||
r-oldrel-macos-x86_64 | 0.9 | 124.00 | OK | |||
r-oldrel-windows-ix86+x86_64 | 0.9 | 67.00 | 317.00 | 384.00 | OK |
Version: 0.9
Check: Rd files
Result: NOTE
checkRd: (-1) hoods2d.Rd:82: Escaped LaTeX specials: \&
Flavors: r-devel-linux-x86_64-debian-clang, r-devel-linux-x86_64-debian-gcc, r-devel-linux-x86_64-fedora-clang, r-devel-linux-x86_64-fedora-gcc, r-devel-windows-x86_64