CRAN Package Check Results for Package SpatialTools

Last updated on 2022-08-19 06:52:36 CEST.

Flavor Version Tinstall Tcheck Ttotal Status Flags
r-devel-linux-x86_64-debian-clang 1.0.4 91.68 81.93 173.61 OK
r-devel-linux-x86_64-debian-gcc 1.0.4 72.88 62.50 135.38 OK
r-devel-linux-x86_64-fedora-clang 1.0.4 257.53 OK
r-devel-linux-x86_64-fedora-gcc 1.0.4 226.38 OK
r-devel-windows-x86_64 1.0.4 88.00 126.00 214.00 OK
r-patched-linux-x86_64 1.0.4 74.33 76.25 150.58 OK
r-release-linux-x86_64 1.0.4 OK
r-release-macos-arm64 1.0.4 62.00 NOTE
r-release-macos-x86_64 1.0.4 78.00 OK
r-release-windows-x86_64 1.0.4 96.00 133.00 229.00 OK
r-oldrel-macos-arm64 1.0.4 72.00 NOTE
r-oldrel-macos-x86_64 1.0.4 112.00 NOTE
r-oldrel-windows-ix86+x86_64 1.0.4 210.00 143.00 353.00 OK

Check Details

Version: 1.0.4
Check: installed package size
Result: NOTE
     installed size is 5.5Mb
     sub-directories of 1Mb or more:
     libs 5.3Mb
Flavors: r-release-macos-arm64, r-oldrel-macos-arm64, r-oldrel-macos-x86_64