CRAN Package Check Results for Package SpaDES.core

Last updated on 2022-01-26 06:50:30 CET.

Flavor Version Tinstall Tcheck Ttotal Status Flags
r-devel-linux-x86_64-debian-clang 1.0.10 58.17 551.61 609.78 OK
r-devel-linux-x86_64-debian-gcc 1.0.10 53.27 409.17 462.44 OK
r-devel-linux-x86_64-fedora-clang 1.0.10 727.24 OK
r-devel-linux-x86_64-fedora-gcc 1.0.10 711.12 OK
r-devel-windows-x86_64-new-UL 1.0.10 464.00 587.00 1051.00 OK
r-devel-windows-x86_64-new-TK 1.0.10 OK
r-patched-linux-x86_64 1.0.10 66.59 516.81 583.40 OK
r-release-linux-x86_64 1.0.10 54.32 518.71 573.03 OK
r-release-macos-arm64 1.0.9 OK
r-release-macos-x86_64 1.0.10 WARN
r-release-windows-ix86+x86_64 1.0.10 118.00 570.00 688.00 OK
r-oldrel-macos-x86_64 1.0.10 OK
r-oldrel-windows-ix86+x86_64 1.0.10 120.00 586.00 706.00 OK

Check Details

Version: 1.0.10
Check: whether package can be installed
Result: WARN
    Found the following significant warnings:
     Warning: multiple methods tables found for ‘direction’
     Warning: multiple methods tables found for ‘gridDistance’
Flavor: r-release-macos-x86_64