CRAN Package Check Results for Package SmarterPoland

Last updated on 2022-07-03 07:52:05 CEST.

Flavor Version Tinstall Tcheck Ttotal Status Flags
r-devel-linux-x86_64-debian-clang 1.8 61.99 73.24 135.23 OK
r-devel-linux-x86_64-debian-gcc 1.8 52.61 55.80 108.41 OK
r-devel-linux-x86_64-fedora-clang 1.8 187.99 NOTE
r-devel-linux-x86_64-fedora-gcc 1.8 185.68 NOTE
r-devel-windows-x86_64 1.8 76.00 96.00 172.00 OK
r-patched-linux-x86_64 1.8 64.18 69.31 133.49 OK
r-release-linux-x86_64 1.8 61.79 68.63 130.42 OK
r-release-macos-arm64 1.8 71.00 NOTE
r-release-macos-x86_64 1.8 111.00 NOTE
r-release-windows-x86_64 1.8 77.00 97.00 174.00 OK
r-oldrel-macos-arm64 1.8 87.00 NOTE
r-oldrel-macos-x86_64 1.8 103.00 NOTE
r-oldrel-windows-ix86+x86_64 1.8 97.00 96.00 193.00 OK

Check Details

Version: 1.8
Check: data for non-ASCII characters
Result: NOTE
     Note: found 1122 marked UTF-8 strings
Flavors: r-devel-linux-x86_64-fedora-clang, r-devel-linux-x86_64-fedora-gcc, r-release-macos-arm64, r-release-macos-x86_64, r-oldrel-macos-arm64, r-oldrel-macos-x86_64

Version: 1.8
Check: installed package size
Result: NOTE
     installed size is 5.2Mb
     sub-directories of 1Mb or more:
     data 5.0Mb
Flavors: r-release-macos-arm64, r-oldrel-macos-arm64