CRAN Package Check Results for Package SimTimeVar

Last updated on 2022-08-19 06:52:36 CEST.

Flavor Version Tinstall Tcheck Ttotal Status Flags
r-devel-linux-x86_64-debian-clang 1.0.0 4.19 40.27 44.46 OK
r-devel-linux-x86_64-debian-gcc 1.0.0 3.40 30.67 34.07 OK
r-devel-linux-x86_64-fedora-clang 1.0.0 66.45 NOTE
r-devel-linux-x86_64-fedora-gcc 1.0.0 61.94 NOTE
r-devel-windows-x86_64 1.0.0 18.00 69.00 87.00 OK
r-patched-linux-x86_64 1.0.0 3.22 37.31 40.53 OK
r-release-linux-x86_64 1.0.0 OK
r-release-macos-arm64 1.0.0 21.00 NOTE
r-release-macos-x86_64 1.0.0 35.00 NOTE
r-release-windows-x86_64 1.0.0 30.00 69.00 99.00 OK
r-oldrel-macos-arm64 1.0.0 40.00 NOTE
r-oldrel-macos-x86_64 1.0.0 44.00 NOTE
r-oldrel-windows-ix86+x86_64 1.0.0 10.00 69.00 79.00 OK

Check Details

Version: 1.0.0
Check: dependencies in R code
Result: NOTE
    Namespace in Imports field not imported from: ‘metafor’
     All declared Imports should be used.
Flavors: r-devel-linux-x86_64-fedora-clang, r-devel-linux-x86_64-fedora-gcc, r-release-macos-arm64, r-release-macos-x86_64, r-oldrel-macos-arm64, r-oldrel-macos-x86_64