CRAN Package Check Results for Package SimSurvey

Last updated on 2022-05-28 07:56:09 CEST.

Flavor Version Tinstall Tcheck Ttotal Status Flags
r-devel-linux-x86_64-debian-clang 0.1.5 34.02 358.66 392.68 NOTE
r-devel-linux-x86_64-debian-gcc 0.1.5 25.64 258.19 283.83 NOTE
r-devel-linux-x86_64-fedora-clang 0.1.5 441.92 OK
r-devel-linux-x86_64-fedora-gcc 0.1.5 437.52 OK
r-devel-windows-x86_64 0.1.5 55.00 350.00 405.00 NOTE
r-patched-linux-x86_64 0.1.5 27.39 336.74 364.13 NOTE
r-release-linux-x86_64 0.1.5 24.18 339.48 363.66 NOTE
r-release-macos-arm64 0.1.5 95.00 NOTE
r-release-macos-x86_64 0.1.5 168.00 NOTE
r-release-windows-x86_64 0.1.5 56.00 332.00 388.00 NOTE
r-oldrel-macos-arm64 0.1.5 92.00 NOTE
r-oldrel-macos-x86_64 0.1.5 126.00 NOTE
r-oldrel-windows-ix86+x86_64 0.1.5 73.00 338.00 411.00 OK

Check Details

Version: 0.1.5
Check: package dependencies
Result: NOTE
    Package suggested but not available for checking: 'INLA'
Flavors: r-devel-linux-x86_64-debian-clang, r-devel-linux-x86_64-debian-gcc, r-devel-windows-x86_64, r-patched-linux-x86_64, r-release-linux-x86_64, r-release-macos-arm64, r-release-macos-x86_64, r-release-windows-x86_64, r-oldrel-macos-arm64, r-oldrel-macos-x86_64