CRAN Package Check Results for Package SimMultiCorrData

Last updated on 2022-01-23 07:14:14 CET.

Flavor Version Tinstall Tcheck Ttotal Status Flags
r-devel-linux-x86_64-debian-clang 0.2.2 31.64 423.01 454.65 OK
r-devel-linux-x86_64-debian-gcc 0.2.2 27.75 330.83 358.58 OK
r-devel-linux-x86_64-fedora-clang 0.2.2 519.41 NOTE
r-devel-linux-x86_64-fedora-gcc 0.2.2 519.72 OK
r-devel-windows-x86_64-new-UL 0.2.2 377.00 484.00 861.00 OK
r-devel-windows-x86_64-new-TK 0.2.2 OK
r-patched-linux-x86_64 0.2.2 30.16 428.18 458.34 OK
r-release-linux-x86_64 0.2.2 23.87 419.80 443.67 OK
r-release-macos-arm64 0.2.2 OK
r-release-macos-x86_64 0.2.2 OK
r-release-windows-ix86+x86_64 0.2.2 54.00 496.00 550.00 OK
r-oldrel-macos-x86_64 0.2.2 OK
r-oldrel-windows-ix86+x86_64 0.2.2 54.00 506.00 560.00 OK

Check Details

Version: 0.2.2
Check: Rd cross-references
Result: NOTE
    Undeclared packages ‘BinNonNor’, ‘PoisNor’, ‘PoisBinOrdNor’, ‘PoisBinOrdNonNor’ in Rd xrefs
Flavor: r-devel-linux-x86_64-fedora-clang