CRAN Package Check Results for Package Seurat

Last updated on 2022-07-06 06:53:01 CEST.

Flavor Version Tinstall Tcheck Ttotal Status Flags
r-devel-linux-x86_64-debian-clang 4.1.1 140.60 456.45 597.05 OK
r-devel-linux-x86_64-debian-gcc 4.1.1 108.18 328.81 436.99 OK
r-devel-linux-x86_64-fedora-clang 4.1.1 786.28 WARN
r-devel-linux-x86_64-fedora-gcc 4.1.1 795.57 WARN
r-devel-windows-x86_64 4.1.1 193.00 492.00 685.00 OK
r-patched-linux-x86_64 4.1.1 125.42 431.77 557.19 OK
r-release-linux-x86_64 4.1.1 117.98 433.87 551.85 OK
r-release-macos-arm64 4.1.1 183.00 NOTE
r-release-macos-x86_64 4.1.1 230.00 NOTE
r-release-windows-x86_64 4.1.1 171.00 499.00 670.00 OK
r-oldrel-macos-arm64 4.1.1 162.00 NOTE
r-oldrel-macos-x86_64 4.1.1 224.00 NOTE
r-oldrel-windows-ix86+x86_64 4.1.1 315.00 715.00 1030.00 OK

Check Details

Version: 4.1.1
Check: package dependencies
Result: WARN
    Imports includes 41 non-default packages.
    Importing from so many packages makes the package vulnerable to any of
    them becoming unavailable. Move as many as possible to Suggests and
    use conditionally.
    
    Requires (indirectly) orphaned package: ‘gtools’
Flavor: r-devel-linux-x86_64-fedora-clang

Version: 4.1.1
Check: installed package size
Result: NOTE
     installed size is 8.3Mb
     sub-directories of 1Mb or more:
     R 1.3Mb
     libs 6.3Mb
Flavors: r-devel-linux-x86_64-fedora-clang, r-release-macos-arm64, r-release-macos-x86_64, r-oldrel-macos-arm64, r-oldrel-macos-x86_64

Version: 4.1.1
Check: Rd cross-references
Result: NOTE
    Undeclared package ‘Signac’ in Rd xrefs
Flavor: r-devel-linux-x86_64-fedora-clang

Version: 4.1.1
Check: package dependencies
Result: WARN
    Requires (indirectly) orphaned package: ‘gtools’
Flavor: r-devel-linux-x86_64-fedora-gcc

Version: 4.1.1
Check: package dependencies
Result: NOTE
    Package suggested but not available for checking: ‘monocle’
Flavors: r-release-macos-arm64, r-oldrel-macos-arm64