CRAN Package Check Results for Package SecKW

Last updated on 2022-08-12 06:49:32 CEST.

Flavor Version Tinstall Tcheck Ttotal Status Flags
r-devel-linux-x86_64-debian-clang 0.2 2.15 22.82 24.97 NOTE
r-devel-linux-x86_64-debian-gcc 0.2 2.00 18.13 20.13 NOTE
r-devel-linux-x86_64-fedora-clang 0.2 40.94 NOTE
r-devel-linux-x86_64-fedora-gcc 0.2 40.43 NOTE
r-devel-windows-x86_64 0.2 10.00 46.00 56.00 NOTE
r-patched-linux-x86_64 0.2 2.68 22.10 24.78 NOTE
r-release-linux-x86_64 0.2 2.28 22.34 24.62 NOTE
r-release-macos-arm64 0.2 15.00 NOTE
r-release-macos-x86_64 0.2 20.00 NOTE
r-release-windows-x86_64 0.2 9.00 46.00 55.00 NOTE
r-oldrel-macos-arm64 0.2 19.00 NOTE
r-oldrel-macos-x86_64 0.2 27.00 NOTE
r-oldrel-windows-ix86+x86_64 0.2 5.00 39.00 44.00 NOTE

Check Details

Version: 0.2
Check: LazyData
Result: NOTE
     'LazyData' is specified without a 'data' directory
Flavors: r-devel-linux-x86_64-debian-clang, r-devel-linux-x86_64-debian-gcc, r-devel-linux-x86_64-fedora-clang, r-devel-linux-x86_64-fedora-gcc, r-devel-windows-x86_64, r-patched-linux-x86_64, r-release-linux-x86_64, r-release-macos-arm64, r-release-macos-x86_64, r-release-windows-x86_64, r-oldrel-macos-arm64, r-oldrel-macos-x86_64, r-oldrel-windows-ix86+x86_64