Last updated on 2022-05-24 07:52:34 CEST.
Flavor | Version | Tinstall | Tcheck | Ttotal | Status | Flags |
---|---|---|---|---|---|---|
r-devel-linux-x86_64-debian-clang | 2.2.2.0 | 23.91 | 210.09 | 234.00 | OK | |
r-devel-linux-x86_64-debian-gcc | 2.2.2.0 | 22.56 | 158.63 | 181.19 | OK | |
r-devel-linux-x86_64-fedora-clang | 2.2.2.0 | 277.60 | NOTE | |||
r-devel-linux-x86_64-fedora-gcc | 2.2.2.0 | 268.61 | OK | |||
r-devel-windows-x86_64 | 2.2.2.0 | 106.00 | 275.00 | 381.00 | OK | |
r-patched-linux-x86_64 | 2.2.2.0 | 30.43 | 195.92 | 226.35 | OK | |
r-release-linux-x86_64 | 2.2.2.0 | OK | ||||
r-release-macos-arm64 | 2.2.2.0 | 88.00 | OK | |||
r-release-macos-x86_64 | 2.2.2.0 | 144.00 | OK | |||
r-release-windows-x86_64 | 2.2.2.0 | 114.00 | 278.00 | 392.00 | OK | |
r-oldrel-macos-arm64 | 2.2.2.0 | 65.00 | OK | |||
r-oldrel-macos-x86_64 | 2.2.2.0 | 107.00 | OK | |||
r-oldrel-windows-ix86+x86_64 | 2.2.2.0 | 67.00 | 329.00 | 396.00 | OK |
Version: 2.2.2.0
Check: Rd cross-references
Result: NOTE
Undeclared package ‘sp’ in Rd xrefs
Flavor: r-devel-linux-x86_64-fedora-clang