CRAN Package Check Results for Package SUMMER

Last updated on 2022-07-06 06:53:03 CEST.

Flavor Version Tinstall Tcheck Ttotal Status Flags
r-devel-linux-x86_64-debian-clang 1.2.1 24.68 171.19 195.87 NOTE
r-devel-linux-x86_64-debian-gcc 1.2.1 20.87 123.15 144.02 NOTE
r-devel-linux-x86_64-fedora-clang 1.2.1 239.44 NOTE
r-devel-linux-x86_64-fedora-gcc 1.2.1 237.31 OK
r-devel-windows-x86_64 1.2.1 42.00 188.00 230.00 NOTE
r-patched-linux-x86_64 1.2.1 24.49 158.94 183.43 NOTE
r-release-linux-x86_64 1.2.1 19.62 160.17 179.79 NOTE
r-release-macos-arm64 1.2.1 58.00 NOTE
r-release-macos-x86_64 1.2.1 105.00 NOTE
r-release-windows-x86_64 1.2.1 34.00 192.00 226.00 NOTE
r-oldrel-macos-arm64 1.2.1 53.00 NOTE
r-oldrel-macos-x86_64 1.2.1 83.00 NOTE
r-oldrel-windows-ix86+x86_64 1.2.1 52.00 187.00 239.00 OK

Check Details

Version: 1.2.1
Check: package dependencies
Result: NOTE
    Package suggested but not available for checking: 'INLA'
Flavors: r-devel-linux-x86_64-debian-clang, r-devel-linux-x86_64-debian-gcc, r-devel-windows-x86_64, r-patched-linux-x86_64, r-release-linux-x86_64, r-release-macos-arm64, r-release-macos-x86_64, r-release-windows-x86_64, r-oldrel-macos-arm64, r-oldrel-macos-x86_64

Version: 1.2.1
Check: installed package size
Result: NOTE
     installed size is 5.0Mb
     sub-directories of 1Mb or more:
     data 2.0Mb
     doc 2.4Mb
Flavors: r-devel-linux-x86_64-fedora-clang, r-release-macos-arm64, r-oldrel-macos-arm64