Last updated on 2022-08-12 06:49:33 CEST.
Flavor | Version | Tinstall | Tcheck | Ttotal | Status | Flags |
---|---|---|---|---|---|---|
r-devel-linux-x86_64-debian-clang | 1.9 | 3.68 | 38.34 | 42.02 | OK | |
r-devel-linux-x86_64-debian-gcc | 1.9 | 2.48 | 30.36 | 32.84 | OK | |
r-devel-linux-x86_64-fedora-clang | 1.9 | 59.93 | NOTE | |||
r-devel-linux-x86_64-fedora-gcc | 1.9 | 59.43 | NOTE | |||
r-devel-windows-x86_64 | 1.9 | 16.00 | 67.00 | 83.00 | OK | |
r-patched-linux-x86_64 | 1.9 | 3.83 | 37.57 | 41.40 | OK | |
r-release-linux-x86_64 | 1.9 | 3.37 | 37.67 | 41.04 | OK | |
r-release-macos-arm64 | 1.9 | 21.00 | NOTE | |||
r-release-macos-x86_64 | 1.9 | 28.00 | NOTE | |||
r-release-windows-x86_64 | 1.9 | 6.00 | 62.00 | 68.00 | OK | |
r-oldrel-macos-arm64 | 1.9 | 21.00 | NOTE | |||
r-oldrel-macos-x86_64 | 1.9 | 27.00 | NOTE | |||
r-oldrel-windows-ix86+x86_64 | 1.9 | 7.00 | 59.00 | 66.00 | OK |
Version: 1.9
Check: data for non-ASCII characters
Result: NOTE
Note: found 5 marked Latin-1 strings
Flavors: r-devel-linux-x86_64-fedora-clang, r-devel-linux-x86_64-fedora-gcc, r-release-macos-arm64, r-release-macos-x86_64, r-oldrel-macos-arm64, r-oldrel-macos-x86_64