CRAN Package Check Results for Package SPAS

Last updated on 2022-01-26 06:50:30 CET.

Flavor Version Tinstall Tcheck Ttotal Status Flags
r-devel-linux-x86_64-debian-clang 2020.1.1 69.99 95.00 164.99 OK
r-devel-linux-x86_64-debian-gcc 2020.1.1 61.54 73.82 135.36 OK
r-devel-linux-x86_64-fedora-clang 2020.1.1 233.66 NOTE
r-devel-linux-x86_64-fedora-gcc 2020.1.1 220.01 OK
r-devel-windows-x86_64-new-UL 2020.1.1 79.00 146.00 225.00 NOTE
r-devel-windows-x86_64-new-TK 2020.1.1 OK
r-patched-linux-x86_64 2020.1.1 73.71 100.66 174.37 OK
r-release-linux-x86_64 2020.1.1 71.61 101.89 173.50 OK
r-release-macos-arm64 2020.1.1 NOTE
r-release-macos-x86_64 2020.1.1 NOTE
r-release-windows-ix86+x86_64 2020.1.1 139.00 160.00 299.00 NOTE
r-oldrel-macos-x86_64 2020.1.1 NOTE
r-oldrel-windows-ix86+x86_64 2020.1.1 140.00 164.00 304.00 NOTE

Check Details

Version: 2020.1.1
Check: installed package size
Result: NOTE
     installed size is 16.1Mb
     sub-directories of 1Mb or more:
     libs 15.4Mb
Flavors: r-devel-linux-x86_64-fedora-clang, r-devel-windows-x86_64-new-UL, r-release-macos-arm64, r-release-macos-x86_64, r-release-windows-ix86+x86_64, r-oldrel-macos-x86_64, r-oldrel-windows-ix86+x86_64