CRAN Package Check Results for Package SPARSEMODr

Last updated on 2022-01-25 07:50:21 CET.

Flavor Version Tinstall Tcheck Ttotal Status Flags
r-devel-linux-x86_64-debian-clang 1.1.0 28.23 146.88 175.11 OK
r-devel-linux-x86_64-debian-gcc 1.1.0 19.68 118.99 138.67 OK
r-devel-linux-x86_64-fedora-clang 1.1.0 219.21 NOTE
r-devel-linux-x86_64-fedora-gcc 1.1.0 207.44 NOTE
r-devel-windows-x86_64-new-UL 1.1.0 59.00 256.00 315.00 OK
r-devel-windows-x86_64-new-TK 1.1.0 NOTE
r-patched-linux-x86_64 1.1.0 31.51 155.16 186.67 OK
r-release-linux-x86_64 1.1.0 20.08 156.57 176.65 OK
r-release-macos-arm64 1.1.0 NOTE
r-release-macos-x86_64 1.1.0 NOTE
r-release-windows-ix86+x86_64 1.1.0 67.00 288.00 355.00 OK
r-oldrel-macos-x86_64 1.1.0 NOTE
r-oldrel-windows-ix86+x86_64 1.1.0 67.00 296.00 363.00 OK

Check Details

Version: 1.1.0
Check: dependencies in R code
Result: NOTE
    Namespaces in Imports field not imported from:
     ‘future’ ‘geosphere’ ‘lubridate’ ‘tidyverse’ ‘viridis’
     All declared Imports should be used.
Flavors: r-devel-linux-x86_64-fedora-clang, r-devel-linux-x86_64-fedora-gcc, r-devel-windows-x86_64-new-TK, r-release-macos-arm64, r-release-macos-x86_64, r-oldrel-macos-x86_64