CRAN Package Check Results for Package SMFilter

Last updated on 2022-06-29 06:53:38 CEST.

Flavor Version Tinstall Tcheck Ttotal Status Flags
r-devel-linux-x86_64-debian-clang 1.0.3 3.31 52.26 55.57 NOTE
r-devel-linux-x86_64-debian-gcc 1.0.3 2.37 39.42 41.79 NOTE
r-devel-linux-x86_64-fedora-clang 1.0.3 76.13 NOTE
r-devel-linux-x86_64-fedora-gcc 1.0.3 78.56 NOTE
r-devel-windows-x86_64 1.0.3 20.00 85.00 105.00 NOTE
r-patched-linux-x86_64 1.0.3 3.17 51.59 54.76 NOTE
r-release-linux-x86_64 1.0.3 2.42 52.12 54.54 NOTE
r-release-macos-arm64 1.0.3 23.00 NOTE
r-release-macos-x86_64 1.0.3 33.00 NOTE
r-release-windows-x86_64 1.0.3 20.00 80.00 100.00 NOTE
r-oldrel-macos-arm64 1.0.3 30.00 NOTE
r-oldrel-macos-x86_64 1.0.3 49.00 NOTE
r-oldrel-windows-ix86+x86_64 1.0.3 7.00 75.00 82.00 NOTE

Check Details

Version: 1.0.3
Check: LazyData
Result: NOTE
     'LazyData' is specified without a 'data' directory
Flavors: r-devel-linux-x86_64-debian-clang, r-devel-linux-x86_64-debian-gcc, r-devel-linux-x86_64-fedora-clang, r-devel-linux-x86_64-fedora-gcc, r-devel-windows-x86_64, r-patched-linux-x86_64, r-release-linux-x86_64, r-release-macos-arm64, r-release-macos-x86_64, r-release-windows-x86_64, r-oldrel-macos-arm64, r-oldrel-macos-x86_64, r-oldrel-windows-ix86+x86_64