CRAN Package Check Results for Package SCEM

Last updated on 2022-05-19 07:50:20 CEST.

Flavor Version Tinstall Tcheck Ttotal Status Flags
r-devel-linux-x86_64-debian-clang 1.1.0 3.25 263.14 266.39 OK
r-devel-linux-x86_64-debian-gcc 1.1.0 2.55 180.76 183.31 OK
r-devel-linux-x86_64-fedora-clang 1.1.0 291.34 NOTE
r-devel-linux-x86_64-fedora-gcc 1.1.0 307.94 NOTE
r-devel-windows-x86_64 1.1.0 15.00 266.00 281.00 OK
r-patched-linux-x86_64 1.1.0 2.53 246.81 249.34 OK
r-release-linux-x86_64 1.1.0 2.53 243.52 246.05 OK
r-release-macos-arm64 1.1.0 77.00 NOTE
r-release-macos-x86_64 1.1.0 116.00 NOTE
r-release-windows-x86_64 1.1.0 13.00 274.00 287.00 OK
r-oldrel-macos-arm64 1.1.0 96.00 NOTE
r-oldrel-macos-x86_64 1.1.0 89.00 NOTE
r-oldrel-windows-ix86+x86_64 1.1.0 8.00 291.00 299.00 OK

Check Details

Version: 1.1.0
Check: dependencies in R code
Result: NOTE
    Namespaces in Imports field not imported from:
     ‘devtools’ ‘mathjaxr’
     All declared Imports should be used.
Flavors: r-devel-linux-x86_64-fedora-clang, r-devel-linux-x86_64-fedora-gcc, r-release-macos-arm64, r-release-macos-x86_64, r-oldrel-macos-arm64, r-oldrel-macos-x86_64