Last updated on 2022-05-22 07:53:23 CEST.
Flavor | Version | Tinstall | Tcheck | Ttotal | Status | Flags |
---|---|---|---|---|---|---|
r-devel-linux-x86_64-debian-clang | 0.4.3 | 81.15 | 113.69 | 194.84 | OK | |
r-devel-linux-x86_64-debian-gcc | 0.4.3 | 75.37 | 83.77 | 159.14 | OK | |
r-devel-linux-x86_64-fedora-clang | 0.4.3 | 300.53 | NOTE | |||
r-devel-linux-x86_64-fedora-gcc | 0.4.3 | 279.07 | OK | |||
r-devel-windows-x86_64 | 0.4.3 | 210.00 | 186.00 | 396.00 | OK | |
r-patched-linux-x86_64 | 0.4.3 | 77.52 | 108.36 | 185.88 | OK | |
r-release-linux-x86_64 | 0.4.3 | 81.84 | 106.31 | 188.15 | OK | |
r-release-macos-arm64 | 0.4.3 | 75.00 | NOTE | |||
r-release-macos-x86_64 | 0.4.3 | 121.00 | NOTE | |||
r-release-windows-x86_64 | 0.4.3 | 198.00 | 183.00 | 381.00 | OK | |
r-oldrel-macos-arm64 | 0.4.3 | 98.00 | NOTE | |||
r-oldrel-macos-x86_64 | 0.4.3 | 168.00 | NOTE | |||
r-oldrel-windows-ix86+x86_64 | 0.4.3 | 237.00 | 200.00 | 437.00 | OK |
Version: 0.4.3
Check: installed package size
Result: NOTE
installed size is 7.3Mb
sub-directories of 1Mb or more:
libs 5.3Mb
yacas 1.5Mb
Flavors: r-devel-linux-x86_64-fedora-clang, r-release-macos-arm64, r-release-macos-x86_64, r-oldrel-macos-arm64, r-oldrel-macos-x86_64