Last updated on 2022-08-12 06:49:31 CEST.
Flavor | Version | Tinstall | Tcheck | Ttotal | Status | Flags |
---|---|---|---|---|---|---|
r-devel-linux-x86_64-debian-clang | 0.8-3 | 76.94 | 64.94 | 141.88 | OK | |
r-devel-linux-x86_64-debian-gcc | 0.8-3 | 70.42 | 50.21 | 120.63 | OK | |
r-devel-linux-x86_64-fedora-clang | 0.8-3 | 215.89 | OK | |||
r-devel-linux-x86_64-fedora-gcc | 0.8-3 | 206.72 | OK | |||
r-devel-windows-x86_64 | 0.8-3 | 96.00 | 126.00 | 222.00 | OK | |
r-patched-linux-x86_64 | 0.8-3 | 72.16 | 64.45 | 136.61 | OK | |
r-release-linux-x86_64 | 0.8-3 | 72.01 | 65.91 | 137.92 | OK | |
r-release-macos-arm64 | 0.8-3 | 47.00 | NOTE | |||
r-release-macos-x86_64 | 0.8-3 | 68.00 | NOTE | |||
r-release-windows-x86_64 | 0.8-3 | 81.00 | 119.00 | 200.00 | OK | |
r-oldrel-macos-arm64 | 0.8-3 | 48.00 | NOTE | |||
r-oldrel-macos-x86_64 | 0.8-3 | 65.00 | NOTE | |||
r-oldrel-windows-ix86+x86_64 | 0.8-3 | 189.00 | 123.00 | 312.00 | OK |
Version: 0.8-3
Check: installed package size
Result: NOTE
installed size is 10.3Mb
sub-directories of 1Mb or more:
libs 9.4Mb
Flavors: r-release-macos-arm64, r-release-macos-x86_64, r-oldrel-macos-arm64, r-oldrel-macos-x86_64