CRAN Package Check Results for Package Rphylopars

Last updated on 2022-07-04 06:51:34 CEST.

Flavor Version Tinstall Tcheck Ttotal Status Flags
r-devel-linux-x86_64-debian-clang 0.3.9 66.75 152.87 219.62 OK
r-devel-linux-x86_64-debian-gcc 0.3.9 58.71 113.19 171.90 OK
r-devel-linux-x86_64-fedora-clang 0.3.9 288.89 OK
r-devel-linux-x86_64-fedora-gcc 0.3.9 281.20 OK
r-devel-windows-x86_64 0.3.9 75.00 177.00 252.00 OK
r-patched-linux-x86_64 0.3.9 62.49 145.76 208.25 OK
r-release-linux-x86_64 0.3.9 58.99 144.65 203.64 OK
r-release-macos-arm64 0.3.9 66.00 NOTE
r-release-macos-x86_64 0.3.9 104.00 NOTE
r-release-windows-x86_64 0.3.9 72.00 186.00 258.00 OK
r-oldrel-macos-arm64 0.3.9 72.00 NOTE
r-oldrel-macos-x86_64 0.3.9 97.00 NOTE
r-oldrel-windows-ix86+x86_64 0.3.9 160.00 237.00 397.00 OK

Check Details

Version: 0.3.9
Check: installed package size
Result: NOTE
     installed size is 5.7Mb
     sub-directories of 1Mb or more:
     libs 5.5Mb
Flavors: r-release-macos-arm64, r-release-macos-x86_64, r-oldrel-macos-arm64, r-oldrel-macos-x86_64