CRAN Package Check Results for Package Rmpi

Last updated on 2022-07-06 06:53:00 CEST.

Flavor Version Tinstall Tcheck Ttotal Status Flags
r-devel-linux-x86_64-debian-clang 0.6-9.2 8.10 41.36 49.46 NOTE
r-devel-linux-x86_64-debian-gcc 0.6-9.2 6.52 32.55 39.07 NOTE
r-devel-linux-x86_64-fedora-clang 0.6-9.2 71.25 NOTE
r-devel-linux-x86_64-fedora-gcc 0.6-9.2 70.33 NOTE
r-devel-windows-x86_64 0.6-9.2 276.00 72.00 348.00 NOTE
r-patched-linux-x86_64 0.6-9.2 8.76 39.23 47.99 OK
r-release-linux-x86_64 0.6-9.2 7.08 38.84 45.92 OK
r-release-macos-arm64 0.6-9.2 10.00 ERROR
r-release-macos-x86_64 0.6-9.2 12.00 ERROR
r-release-windows-x86_64 0.6-9.2 91.00 66.00 157.00 OK
r-oldrel-macos-arm64 0.6-9.2 1803.00 OK
r-oldrel-macos-x86_64 0.6-9.2 14.00 ERROR
r-oldrel-windows-ix86+x86_64 0.6-9.2 15.00 49.00 64.00 OK

Additional issues

donttest

Check Details

Version: 0.6-9.2
Check: Rd files
Result: NOTE
    checkRd: (-1) internal.Rd:7: Escaped LaTeX specials: \_ \_
    checkRd: (-1) mpi.abort.Rd:2: Escaped LaTeX specials: \_
    checkRd: (-1) mpi.barrier.Rd:2: Escaped LaTeX specials: \_
    checkRd: (-1) mpi.bcast.Rd:2: Escaped LaTeX specials: \_
    checkRd: (-1) mpi.bcast.Robj.Rd:2: Escaped LaTeX specials: \_
    checkRd: (-1) mpi.bcast.cmd.Rd:2: Escaped LaTeX specials: \_
    checkRd: (-1) mpi.cart.coords.Rd:2: Escaped LaTeX specials: \_ \_
    checkRd: (-1) mpi.cart.create.Rd:2: Escaped LaTeX specials: \_ \_
    checkRd: (-1) mpi.cart.get.Rd:2: Escaped LaTeX specials: \_ \_
    checkRd: (-1) mpi.cart.rank.Rd:2: Escaped LaTeX specials: \_ \_
    checkRd: (-1) mpi.cart.shift.Rd:2: Escaped LaTeX specials: \_ \_
    checkRd: (-1) mpi.cartdim.get.Rd:2: Escaped LaTeX specials: \_ \_
    checkRd: (-1) mpi.comm.Rd:2: Escaped LaTeX specials: \_ \_ \_ \_ \_ \_ \_ \_
    checkRd: (-1) mpi.comm.disconnect.Rd:2: Escaped LaTeX specials: \_ \_
    checkRd: (-1) mpi.comm.disconnect.Rd:12: Escaped LaTeX specials: \_ \_
    checkRd: (-1) mpi.comm.free.Rd:2: Escaped LaTeX specials: \_ \_
    checkRd: (-1) mpi.comm.free.Rd:12: Escaped LaTeX specials: \_ \_
    checkRd: (-1) mpi.comm.inter.Rd:2: Escaped LaTeX specials: \_ \_ \_ \_ \_ \_ \_ \_ \_
    checkRd: (-1) mpi.comm.set.errhandler.Rd:2: Escaped LaTeX specials: \_ \_ \_
    checkRd: (-1) mpi.comm.set.errhandler.Rd:11: Escaped LaTeX specials: \_ \_
    checkRd: (-1) mpi.comm.set.errhandler.Rd:13: Escaped LaTeX specials: \_ \_ \_
    checkRd: (-1) mpi.comm.set.errhandler.Rd:16: Escaped LaTeX specials: \_ \_
    checkRd: (-1) mpi.comm.spawn.Rd:3: Escaped LaTeX specials: \_ \_
    checkRd: (-1) mpi.comm.spawn.Rd:9: Escaped LaTeX specials: \_ \_
    checkRd: (-1) mpi.const.Rd:7: Escaped LaTeX specials: \_ \_ \_ \_ \_ \_
    checkRd: (-1) mpi.const.Rd:25: Escaped LaTeX specials: \_ \_ \_ \_ \_ \_
    checkRd: (-1) mpi.dims.create.Rd:2: Escaped LaTeX specials: \_ \_
    checkRd: (-1) mpi.finalize.Rd:3: Escaped LaTeX specials: \_
    checkRd: (-1) mpi.gather.Rd:2: Escaped LaTeX specials: \_ \_ \_ \_
    checkRd: (-1) mpi.gather.Robj.Rd:2: Escaped LaTeX specials: \_ \_
    checkRd: (-1) mpi.get.count.Rd:2: Escaped LaTeX specials: \_ \_
    checkRd: (-1) mpi.get.processor.name.Rd:2: Escaped LaTeX specials: \_ \_ \_
    checkRd: (-1) mpi.info.Rd:6: Escaped LaTeX specials: \_ \_ \_ \_ \_ \_ \_ \_
    checkRd: (-1) mpi.info.Rd:14: Escaped LaTeX specials: \_ \_
    checkRd: (-1) mpi.intercomm.merge.Rd:2: Escaped LaTeX specials: \_ \_
    checkRd: (-1) mpi.probe.Rd:2: Escaped LaTeX specials: \_ \_
    checkRd: (-1) mpi.reduce.Rd:2: Escaped LaTeX specials: \_ \_
    checkRd: (-1) mpi.scatter.Rd:2: Escaped LaTeX specials: \_ \_
    checkRd: (-1) mpi.scatter.Robj.Rd:2: Escaped LaTeX specials: \_ \_
    checkRd: (-1) mpi.send.Rd:2: Escaped LaTeX specials: \_ \_ \_ \_
    checkRd: (-1) mpi.send.Robj.Rd:2: Escaped LaTeX specials: \_ \_
    checkRd: (-1) mpi.sendrecv.Rd:2: Escaped LaTeX specials: \_ \_ \_
    checkRd: (-1) mpi.universe.size.Rd:2: Escaped LaTeX specials: \_ \_
    checkRd: (-1) mpi.wait.Rd:81: Escaped LaTeX specials: \_ \_
    checkRd: (-1) mpi.wait.Rd:69: Escaped LaTeX specials: \$
    checkRd: (-1) mpi.wait.Rd:71: Escaped LaTeX specials: \$
    checkRd: (-1) mpi.wait.Rd:74: Escaped LaTeX specials: \$
    checkRd: (-1) mpi.wait.Rd:75: Escaped LaTeX specials: \$
Flavors: r-devel-linux-x86_64-debian-clang, r-devel-linux-x86_64-debian-gcc, r-devel-linux-x86_64-fedora-clang, r-devel-linux-x86_64-fedora-gcc, r-devel-windows-x86_64

Version: 0.6-9.2
Check: whether package can be installed
Result: ERROR
    Installation failed.
Flavors: r-release-macos-arm64, r-release-macos-x86_64, r-oldrel-macos-x86_64