Last updated on 2022-07-04 06:51:34 CEST.
Flavor | Version | Tinstall | Tcheck | Ttotal | Status | Flags |
---|---|---|---|---|---|---|
r-devel-linux-x86_64-debian-clang | 2.0.3 | 12.93 | 130.40 | 143.33 | OK | |
r-devel-linux-x86_64-debian-gcc | 2.0.3 | 10.21 | 97.45 | 107.66 | OK | |
r-devel-linux-x86_64-fedora-clang | 2.0.3 | 191.24 | OK | |||
r-devel-linux-x86_64-fedora-gcc | 2.0.3 | 189.61 | OK | |||
r-devel-windows-x86_64 | 2.0.3 | 130.00 | 222.00 | 352.00 | OK | |
r-patched-linux-x86_64 | 2.0.3 | 10.80 | 122.49 | 133.29 | OK | |
r-release-linux-x86_64 | 2.0.3 | 11.17 | 124.75 | 135.92 | OK | |
r-release-macos-arm64 | 2.0.3 | 43.00 | OK | |||
r-release-macos-x86_64 | 2.0.3 | 89.00 | OK | |||
r-release-windows-x86_64 | 2.0.3 | 118.00 | 193.00 | 311.00 | OK | |
r-oldrel-macos-arm64 | 2.0.3 | 55.00 | OK | |||
r-oldrel-macos-x86_64 | 2.0.3 | 89.00 | OK | |||
r-oldrel-windows-ix86+x86_64 | 2.0.3 | 37.00 | 18.00 | 55.00 | ERROR |
Version: 2.0.3
Check: whether the package can be loaded
Result: ERROR
Loading this package had a fatal error status code 1
Loading log:
Loading required package: Matrix
Error: package or namespace load failed for 'Rmagic':
.onLoad failed in loadNamespace() for 'Rmagic', details:
call: NULL
error: lexical error: invalid char in json text.
NA
(right here) ------^
Execution halted
Flavor: r-oldrel-windows-ix86+x86_64