Last updated on 2022-08-12 06:49:30 CEST.
Flavor | Version | Tinstall | Tcheck | Ttotal | Status | Flags |
---|---|---|---|---|---|---|
r-devel-linux-x86_64-debian-clang | 0.2 | 5.19 | 48.11 | 53.30 | NOTE | |
r-devel-linux-x86_64-debian-gcc | 0.2 | 3.74 | 37.45 | 41.19 | NOTE | |
r-devel-linux-x86_64-fedora-clang | 0.2 | 75.14 | NOTE | |||
r-devel-linux-x86_64-fedora-gcc | 0.2 | 74.25 | NOTE | |||
r-devel-windows-x86_64 | 0.2 | 20.00 | 79.00 | 99.00 | NOTE | |
r-patched-linux-x86_64 | 0.2 | 5.27 | 46.52 | 51.79 | NOTE | |
r-release-linux-x86_64 | 0.2 | 5.49 | 46.07 | 51.56 | NOTE | |
r-release-macos-arm64 | 0.2 | 23.00 | NOTE | |||
r-release-macos-x86_64 | 0.2 | 33.00 | NOTE | |||
r-release-windows-x86_64 | 0.2 | 24.00 | 78.00 | 102.00 | NOTE | |
r-oldrel-macos-arm64 | 0.2 | 25.00 | NOTE | |||
r-oldrel-macos-x86_64 | 0.2 | 36.00 | NOTE | |||
r-oldrel-windows-ix86+x86_64 | 0.2 | 12.00 | 73.00 | 85.00 | NOTE |
Version: 0.2
Check: LazyData
Result: NOTE
'LazyData' is specified without a 'data' directory
Flavors: r-devel-linux-x86_64-debian-clang, r-devel-linux-x86_64-debian-gcc, r-devel-linux-x86_64-fedora-clang, r-devel-linux-x86_64-fedora-gcc, r-devel-windows-x86_64, r-patched-linux-x86_64, r-release-linux-x86_64, r-release-macos-arm64, r-release-macos-x86_64, r-release-windows-x86_64, r-oldrel-macos-arm64, r-oldrel-macos-x86_64, r-oldrel-windows-ix86+x86_64