CRAN Package Check Results for Package Ritc

Last updated on 2022-08-09 06:51:24 CEST.

Flavor Version Tinstall Tcheck Ttotal Status Flags
r-devel-linux-x86_64-debian-clang 1.0.2 1.44 25.29 26.73 NOTE
r-devel-linux-x86_64-debian-gcc 1.0.2 1.69 19.71 21.40 NOTE
r-devel-linux-x86_64-fedora-clang 1.0.2 43.67 NOTE
r-devel-linux-x86_64-fedora-gcc 1.0.2 43.14 NOTE
r-devel-windows-x86_64 1.0.2 6.00 55.00 61.00 OK
r-patched-linux-x86_64 1.0.2 2.59 24.31 26.90 NOTE
r-release-linux-x86_64 1.0.2 NOTE
r-release-macos-arm64 1.0.2 15.00 OK
r-release-macos-x86_64 1.0.2 22.00 OK
r-release-windows-x86_64 1.0.2 9.00 55.00 64.00 OK
r-oldrel-macos-arm64 1.0.2 18.00 OK
r-oldrel-macos-x86_64 1.0.2 26.00 OK
r-oldrel-windows-ix86+x86_64 1.0.2 6.00 43.00 49.00 OK

Check Details

Version: 1.0.2
Check: for non-standard things in the check directory
Result: NOTE
    Found the following files/directories:
     'B110711CD4.CSV' 'inputparam2.txt' 'itcout0.pdf' 'itcout1.eps'
     'origin_data.csv'
Flavors: r-devel-linux-x86_64-debian-clang, r-devel-linux-x86_64-debian-gcc, r-devel-linux-x86_64-fedora-clang, r-devel-linux-x86_64-fedora-gcc, r-patched-linux-x86_64, r-release-linux-x86_64