CRAN Package Check Results for Package RgoogleMaps

Last updated on 2022-07-06 06:53:00 CEST.

Flavor Version Tinstall Tcheck Ttotal Status Flags
r-devel-linux-x86_64-debian-clang 1.4.5.3 5.50 51.98 57.48 NOTE
r-devel-linux-x86_64-debian-gcc 1.4.5.3 4.00 39.28 43.28 NOTE
r-devel-linux-x86_64-fedora-clang 1.4.5.3 78.08 NOTE
r-devel-linux-x86_64-fedora-gcc 1.4.5.3 78.13 NOTE
r-devel-windows-x86_64 1.4.5.3 56.00 89.00 145.00 NOTE
r-patched-linux-x86_64 1.4.5.3 7.50 48.11 55.61 OK
r-release-linux-x86_64 1.4.5.3 4.69 48.60 53.29 OK
r-release-macos-arm64 1.4.5.3 26.00 OK
r-release-macos-x86_64 1.4.5.3 42.00 OK
r-release-windows-x86_64 1.4.5.3 59.00 84.00 143.00 OK
r-oldrel-macos-arm64 1.4.5.3 30.00 OK
r-oldrel-macos-x86_64 1.4.5.3 42.00 OK
r-oldrel-windows-ix86+x86_64 1.4.5.3 11.00 82.00 93.00 OK

Check Details

Version: 1.4.5.3
Check: Rd files
Result: NOTE
    checkRd: (-1) columbus.Rd:24: Escaped LaTeX specials: \_
    checkRd: (-1) columbus.Rd:25: Escaped LaTeX specials: \_
    checkRd: (-1) columbus.Rd:29: Escaped LaTeX specials: \$
    checkRd: (-1) columbus.Rd:30: Escaped LaTeX specials: \$
Flavors: r-devel-linux-x86_64-debian-clang, r-devel-linux-x86_64-debian-gcc, r-devel-linux-x86_64-fedora-clang, r-devel-linux-x86_64-fedora-gcc, r-devel-windows-x86_64