CRAN Package Check Results for Package RevGadgets

Last updated on 2022-01-18 06:52:58 CET.

Flavor Version Tinstall Tcheck Ttotal Status Flags
r-devel-linux-x86_64-debian-clang 1.0.0 11.42 155.63 167.05 OK
r-devel-linux-x86_64-debian-gcc 1.0.0 9.43 117.25 126.68 OK
r-devel-linux-x86_64-fedora-clang 1.0.0 200.30 NOTE
r-devel-linux-x86_64-fedora-gcc 1.0.0 189.53 OK
r-devel-windows-x86_64-new-UL 1.0.0 134.00 169.00 303.00 OK
r-devel-windows-x86_64-new-TK 1.0.0 OK
r-patched-linux-x86_64 1.0.0 9.15 147.95 157.10 OK
r-release-linux-x86_64 1.0.0 OK
r-release-macos-arm64 1.0.0 OK
r-release-macos-x86_64 1.0.0 OK
r-release-windows-ix86+x86_64 1.0.0 24.00 179.00 203.00 OK
r-oldrel-macos-x86_64 1.0.0 ERROR
r-oldrel-windows-ix86+x86_64 1.0.0 24.00 8.00 32.00 ERROR

Check Details

Version: 1.0.0
Check: Rd cross-references
Result: NOTE
    Undeclared package ‘phangorn’ in Rd xrefs
Flavor: r-devel-linux-x86_64-fedora-clang

Version: 1.0.0
Check: package dependencies
Result: ERROR
    Packages required but not available: 'ggtree', 'treeio', 'deeptime'
    
    See section ‘The DESCRIPTION file’ in the ‘Writing R Extensions’
    manual.
Flavor: r-oldrel-macos-x86_64

Version: 1.0.0
Check: package dependencies
Result: ERROR
    Package required and available but unsuitable version: 'ggtree'
    
    See section 'The DESCRIPTION file' in the 'Writing R Extensions'
    manual.
Flavor: r-oldrel-windows-ix86+x86_64