Last updated on 2022-08-12 06:49:30 CEST.
Flavor | Version | Tinstall | Tcheck | Ttotal | Status | Flags |
---|---|---|---|---|---|---|
r-devel-linux-x86_64-debian-clang | 0.3-2 | 48.47 | 210.14 | 258.61 | WARN | |
r-devel-linux-x86_64-debian-gcc | 0.3-2 | 38.32 | 152.26 | 190.58 | OK | |
r-devel-linux-x86_64-fedora-clang | 0.3-2 | 333.73 | WARN | |||
r-devel-linux-x86_64-fedora-gcc | 0.3-2 | 313.96 | OK | |||
r-devel-windows-x86_64 | 0.3-2 | 55.00 | 236.00 | 291.00 | OK | |
r-patched-linux-x86_64 | 0.3-2 | 42.60 | 201.70 | 244.30 | OK | |
r-release-linux-x86_64 | 0.3-2 | 47.56 | 203.12 | 250.68 | OK | |
r-release-macos-arm64 | 0.3-2 | 57.00 | OK | |||
r-release-macos-x86_64 | 0.3-2 | 90.00 | OK | |||
r-release-windows-x86_64 | 0.3-2 | 48.00 | 221.00 | 269.00 | OK | |
r-oldrel-macos-arm64 | 0.3-2 | 76.00 | OK | |||
r-oldrel-macos-x86_64 | 0.3-2 | 156.00 | OK | |||
r-oldrel-windows-ix86+x86_64 | 0.3-2 | 112.00 | 292.00 | 404.00 | OK |
Version: 0.3-2
Check: whether package can be installed
Result: WARN
Found the following significant warnings:
ecocrop.cpp:95:8: warning: use of bitwise '|' with boolean operands [-Wbitwise-instead-of-logical]
Flavors: r-devel-linux-x86_64-debian-clang, r-devel-linux-x86_64-fedora-clang