CRAN Package Check Results for Package ReDaMoR

Last updated on 2022-01-25 07:50:18 CET.

Flavor Version Tinstall Tcheck Ttotal Status Flags
r-devel-linux-x86_64-debian-clang 0.5.2 14.84 117.50 132.34 OK
r-devel-linux-x86_64-debian-gcc 0.5.2 13.00 96.84 109.84 OK
r-devel-linux-x86_64-fedora-clang 0.5.2 156.79 NOTE
r-devel-linux-x86_64-fedora-gcc 0.5.2 145.18 NOTE
r-devel-windows-x86_64-new-UL 0.5.2 95.00 162.00 257.00 OK
r-devel-windows-x86_64-new-TK 0.5.2 NOTE
r-patched-linux-x86_64 0.5.2 16.33 102.36 118.69 OK
r-release-linux-x86_64 0.5.2 9.23 101.81 111.04 OK
r-release-macos-arm64 0.5.2 NOTE
r-release-macos-x86_64 0.5.2 NOTE
r-release-windows-ix86+x86_64 0.5.2 27.00 124.00 151.00 OK
r-oldrel-macos-x86_64 0.4.3 WARN
r-oldrel-windows-ix86+x86_64 0.5.2 27.00 130.00 157.00 OK

Check Details

Version: 0.5.2
Check: dependencies in R code
Result: NOTE
    Namespace in Imports field not imported from: ‘igraph’
     All declared Imports should be used.
Flavors: r-devel-linux-x86_64-fedora-clang, r-devel-linux-x86_64-fedora-gcc, r-devel-windows-x86_64-new-TK, r-release-macos-arm64, r-release-macos-x86_64

Version: 0.4.3
Check: dependencies in R code
Result: NOTE
    Namespace in Imports field not imported from: ‘igraph’
     All declared Imports should be used.
Flavor: r-oldrel-macos-x86_64

Version: 0.4.3
Check: re-building of vignette outputs
Result: WARN
    Error(s) in re-building vignettes:
     ...
    --- re-building ‘ReDaMoR.Rmd’ using rmarkdown
    Warning in engine$weave(file, quiet = quiet, encoding = enc) :
     Pandoc (>= 1.12.3) and/or pandoc-citeproc not available. Falling back to R Markdown v1.
    Quitting from lines 157-163 (ReDaMoR.Rmd)
    Error: processing vignette 'ReDaMoR.Rmd' failed with diagnostics:
    cannot open the connection
    --- failed re-building ‘ReDaMoR.Rmd’
    
    SUMMARY: processing the following file failed:
     ‘ReDaMoR.Rmd’
    
    Error: Vignette re-building failed.
    Execution halted
Flavor: r-oldrel-macos-x86_64