Last updated on 2022-05-17 07:53:14 CEST.
Flavor | Version | Tinstall | Tcheck | Ttotal | Status | Flags |
---|---|---|---|---|---|---|
r-devel-linux-x86_64-debian-clang | 0.1.0 | 48.67 | 90.19 | 138.86 | WARN | |
r-devel-linux-x86_64-debian-gcc | 0.1.0 | 39.49 | 66.62 | 106.11 | NOTE | |
r-devel-linux-x86_64-fedora-clang | 0.1.0 | 179.86 | WARN | |||
r-devel-linux-x86_64-fedora-gcc | 0.1.0 | 177.34 | NOTE | |||
r-devel-windows-x86_64 | 0.1.0 | 47.00 | 135.00 | 182.00 | NOTE | |
r-patched-linux-x86_64 | 0.1.0 | 40.96 | 85.97 | 126.93 | NOTE | |
r-release-linux-x86_64 | 0.1.0 | 40.36 | 84.31 | 124.67 | NOTE | |
r-release-macos-arm64 | 0.1.0 | 48.00 | NOTE | |||
r-release-macos-x86_64 | 0.1.0 | 84.00 | NOTE | |||
r-release-windows-x86_64 | 0.1.0 | 46.00 | 135.00 | 181.00 | NOTE | |
r-oldrel-macos-arm64 | 0.1.0 | 68.00 | NOTE | |||
r-oldrel-macos-x86_64 | 0.1.0 | 81.00 | NOTE | |||
r-oldrel-windows-ix86+x86_64 | 0.1.0 | 128.00 | 139.00 | 267.00 | NOTE |
Version: 0.1.0
Check: whether package can be installed
Result: WARN
Found the following significant warnings:
decline_interface.cpp:34:8: warning: use of bitwise '|' with boolean operands [-Wbitwise-instead-of-logical]
Flavors: r-devel-linux-x86_64-debian-clang, r-devel-linux-x86_64-fedora-clang
Version: 0.1.0
Check: LazyData
Result: NOTE
'LazyData' is specified without a 'data' directory
Flavors: r-devel-linux-x86_64-debian-clang, r-devel-linux-x86_64-debian-gcc, r-devel-linux-x86_64-fedora-clang, r-devel-linux-x86_64-fedora-gcc, r-devel-windows-x86_64, r-patched-linux-x86_64, r-release-linux-x86_64, r-release-macos-arm64, r-release-macos-x86_64, r-release-windows-x86_64, r-oldrel-macos-arm64, r-oldrel-macos-x86_64, r-oldrel-windows-ix86+x86_64